u) = 2*u + 3. Calculate n(y).
-7
Let y(z) = z**2 + 11*z + 1. Let k(g) = g. Let c(w) = 5*k(w) - y(w). Determine c(-6).
-1
Let c(x) = -2*x**3 + x**2 + 2*x - 1. Let w = -7 - -9. Determine c(w).
-9
Let f(s) = 11 + 2*s + 13 - 21. What is f(-3)?
-3
Let z(y) = y**2 + 5*y - 1. Let o be (-1 - (-68)/(-20)) + 2/5. Give z(o).
-5
Let z = -13 + 8. Let r(o) = 1. Suppose -5*k - 25 = -5*s, k = 4*s - k - 14. Let u(p) = -p - 1. Let x(c) = s*r(c) + u(c). What is x(z)?
6
Let k(q) be the second derivative of -q**5/20 + 5*q**4/12 + 4*q**3/3 - 4*q**2 - 2*q. Let b be k(6). Let r(t) = 5 - b*t - 2 - 1 + t. What is r(2)?
-4
Let k(j) = 19*j - 2. Let h be k(2). Suppose -x + 4*f = 10 + 10, 5*f = 4*x + h. Let m(l) = -l + 2. Determine m(x).
6
Let j(n) = -n**2 - 4. Let d(w) = 2*w**2 - w + 8. Let v(u) = -3*d(u) - 5*j(u). Let a = 357 - 354. What is v(a)?
-4
Let n = 26 + -31. Let y(d) = -d. Determine y(n).
5
Let d(l) be the second derivative of -4*l + 0 + 1/12*l**4 + 2*l**2 - 7/6*l**3. Calculate d(6).
-2
Suppose 5*k + 21 = 11. Let d(x) = 4*x + 1. Let j(h) = 8*h + 2. Let u(i) = 5*d(i) - 2*j(i). Determine u(k).
-7
Let q(y) = 7*y**2 + 3*y - 6. Let n(j) = -13*j**2 - 5*j + 11. Let o(k) = -6*n(k) - 11*q(k). What is o(3)?
0
Let u be 1 + 1 + 1 - 3. Suppose -2*d + u*d + 10 = 4*q, 2*q = 4*d + 30. Let s(r) be the third derivative of -r**4/24 + r**2. Determine s(d).
5
Let i(o) be the first derivative of o**7/105 + o**6/360 - o**4/24 - 4*o**3/3 - 8. Let a(m) be the third derivative of i(m). Let c = 0 - 1. Determine a(c).
-8
Suppose -g = -4*g + 6. Let z(w) = -3*w + 2*w + 0 - 3*w - 1 - w**g. Calculate z(-5).
-6
Let f(c) = -c**2 + c - 4. Let l = 33 + -33. Give f(l).
-4
Let t(f) = -12*f**3 - 7*f**2 - 5*f + 7. Let x(j) = -6*j**3 - 3*j**2 - 2*j + 3. Let l(r) = 2*t(r) - 5*x(r). Give l(1).
6
Let j(k) = k**3 - 6*k**2 - 7*k. Let y = 54 - 47. Calculate j(y).
0
Let z(v) = v**3 - 2*v**3 + 5 - 3*v**3 + 3*v**3 + 5*v**2. Suppose 3*k - 4*k = -5. Give z(k).
5
Let q(n) = -3*n**2 + 9*n - 6. Let i(x) = -2*x**2 + 8*x - 5. Let z(r) = -4*i(r) + 3*q(r). Calculate z(3).
-22
Let m(v) = -3*v**2 + 3*v. Let z(i) = i**2 - i. Let t(r) = -2*m(r) - 5*z(r). What is t(0)?
0
Suppose -w + 2 = -3. Suppose -2*d + 2*t = -6*d + 28, -5 = 3*d - w*t. Let o(k) = 4*k**2 - d*k**2 + k + k + 4. Determine o(4).
-4
Let n be -1*(-6)/14 - 6/14. Let g(b) = -b**2 + b + 1. Calculate g(n).
1
Suppose x - 4 = 0, 4*x + 19 = 3*k + 2. Let v = k + -4. Let j(f) = -f**3 + 7*f**2 + f - 2. Give j(v).
5
Let z(o) = -o + 2. Let w(t) = -t + 1. Let h(s) = -5*w(s) + 3*z(s). Give h(-1).
-1
Suppose c = 6*c - 10. Suppose 2 = -t + n, -4*t - c*n = -5*n + 10. Let d(i) = 4*i + 6. Give d(t).
-10
Suppose 0 = v + 4*o - 8 - 8, -3*o + 12 = v. Let m(u) = v*u**3 - 7 + u**3 + 10 - 4*u. What is m(2)?
3
Let s = -20 + 22. Let y(j) = -1 - j**3 - 3 + j**s - 6*j**2. Let k = 13 + -18. What is y(k)?
-4
Let k(l) = -l**3 - 5*l**2 - 4*l. Suppose -5 = -5*p + 3*m, 0*p - 4*p - 3*m + 31 = 0. Suppose 5*g = -4*b - 27, 2 + 1 = -p*b + 3*g. Calculate k(b).
-6
Let a(n) = n**3 - 2*n**2 - 4*n + 4. Let f = 8 + -8. Let l(r) = -r**3 - r**2 + r + 3. Let s be l(f). Determine a(s).
1
Let y(x) = -x**3 - x**2 - x + 18. Let g = 27 - 27. Give y(g).
18
Let s(u) = 7*u + 8. Let t(k) = 20*k + 23. Let z(i) = 17*s(i) - 6*t(i). What is z(2)?
-4
Let k(a) = 5*a - 5*a**2 - a**3 + 2*a**2 - a**2. Determine k(-4).
-20
Let j be 3/(-9) - 2/(-6). Suppose -3*i + 6*i - 6 = j. Suppose i*u = -4*n + 22, 3*u + n - 9 = 3*n. Let w(p) = p**2 - 4*p - 4. What is w(u)?
1
Suppose 4*h = 3*h - 6. Let q(y) = -y**2 - 5*y - 3. What is q(h)?
-9
Let i(k) = k - 8. Let v(z) = z**3 - 5*z**2 - 5*z - 6. Let w be v(6). Suppose -2*n = -w - 12. Give i(n).
-2
Let f(t) = t**2 + 5*t + 7. Let m be 6*(-5)/(45/(-6)). Suppose -7*d + 6 = 2*o - 3*d, m*d - 16 = 0. Calculate f(o).
7
Suppose -5*g + 15 + 5 = 0. Let o(p) = -p**2 + 2*p + 1. Determine o(g).
-7
Let v(n) = n**3 + 3*n**2 - 2*n + 3. Let g(l) = l - 2. Let w be g(7). Let c = -9 + w. Give v(c).
-5
Suppose 17*f + 12 = 14*f. Let m(o) = -o**2 - 7*o - 6. What is m(f)?
6
Let t(k) = 2*k**2 + 5*k + 2. Let o be t(-3). Let a(x) = -13*x - 2 + 3 + 5 + x**2 + 7*x. Calculate a(o).
1
Let v be (-2)/(-3)*(-9)/(-2). Let a(b) = -b**3 + 2*b**v - 3 - 2 + 6*b**2. Let r be a(-6). Let p(g) = g + 3. Calculate p(r).
-2
Let t = -24 + 17. Let r be (t - -1)/(0 - 2). Let n(c) = -c**3 + 3*c**2 + 2. Give n(r).
2
Let g(i) be the third derivative of i**6/120 + i**5/10 - i**4/24 - 99*i**2. Let p(x) = -x**2 + 3*x + 4. Let c be p(5). Give g(c).
6
Let h(p) = -3*p - 7 + 3*p - 2*p + 3*p. Determine h(3).
-4
Let b(s) = -3*s**3 - 2*s**2 - 4*s - 22. Let i(w) = -2 - 6*w**2 + 5*w**2 - w**3 - 5 - w. Let r = 17 + -24. Let j(n) = r*i(n) + 2*b(n). Determine j(-4).
-7
Let l(y) = y**2 + y - 5. Let a be ((-3)/3*-4)/(-1). Let k be l(a). Suppose -5*u + k - 2 = 0. Let n(r) = -4*r - 1. What is n(u)?
-5
Let k = -9 - 9. Let n be ((-4)/6)/(2/k). Let z(c) = 2*c + n*c + 0*c - 1 + 2. What is z(1)?
9
Let m(a) = 4 - a + 0*a + 2*a - 5. Let n(y) = -2*y**2 - y + 1. Let t be n(-2). Determine m(t).
-6
Let u(o) = -o**3 + o**2 + 2. Let q be u(0). Let r(v) = -v**3 + 4*v**2 - 2*v + 2. Give r(q).
6
Let w(s) be the third derivative of -s**5/20 + s**3/6 - s**2 - 20*s. What is w(-1)?
-2
Let o(w) = w + 1. Suppose -4*x + 2*h + 3*h = -11, 13 = -x - 4*h. Determine o(x).
0
Let p be (-2 + 0)*(2 - 3). Suppose 0 = 2*g - 2*b + 6, 2*g - 3*b = p*b - 12. Let k(t) = t**2 + 2*t. What is k(g)?
-1
Let u = -9 - -6. Let t(z) = -3*z**3 - z**2 - 3*z - 1. Let x(m) = 4*m**3 + m**2 + 5*m + 2. Let i(h) = 7*t(h) + 5*x(h). Calculate i(u).
0
Let y(s) = -s**3 + 6*s - 2. Let u(g) = g**3 + 2*g**2 - 6*g + 2. Let w(c) = -2*u(c) - 3*y(c). Let x(q) = -2*q + 1. Let o be x(-2). Determine w(o).
-3
Let o = -6 + 4. Let r(u) = 5*u**2 - 4*u + 5. Let b(j) = -4*j + j + 3 + 3*j**2 + j. Let n(l) = 7*b(l) - 4*r(l). What is n(o)?
1
Let g(l) = 9. Let j(p) = -p - 45. Let m(k) = 11*g(k) + 2*j(k). Suppose -4*r = 1 - 25. What is m(r)?
-3
Let i(q) = -q**3 - q + 1. Let a(t) = -3*t**3 - 8*t**2 - 6*t + 14. Let k(u) = -a(u) + 4*i(u). Give k(8).
6
Let w(n) = -3*n**2 - 9*n + 14. Let i(y) = -2*y + 7 + 0*y - y**2 - 3*y. Let h = -2 - 3. Let v(j) = h*i(j) + 2*w(j). What is v(5)?
3
Let n(w) be the first derivative of -w**3/3 - 5*w**2/2 + 6*w + 2. Determine n(-5).
6
Suppose 0 = -7*c + 3*c + 20. Let d(z) = z - 3. Let s be d(c). Let v(k) = 0*k**3 - k + k**2 - 1 - k**3 + s*k. Determine v(2).
-3
Let a = 70 - 71. Let b(g) = -8*g**3 - 2*g**2 - g. Calculate b(a).
7
Suppose 4*r + d = -2*d + 27, 34 = 3*r + 5*d. Let c be (0 - (r + 2))*1. Let z(n) be the first derivative of -n**3/3 - 3*n**2/2 + 5*n - 1. Calculate z(c).
-5
Let u(p) be the third derivative of 0*p + 0 - 1/6*p**4 - 4*p**2 - 1/120*p**5 - 2/3*p**3. Let d(k) be the first derivative of u(k). Determine d(-4).
0
Let q(n) = n**2 + n + 6. Let m(r) = 2*r + 14. Let a be m(-7). Calculate q(a).
6
Let m be ((-5)/(-10))/((-3)/54). Let i = 3 + m. Let z(t) = t**2 + 8*t + 8. Give z(i).
-4
Suppose 0 = 3*g - 18 + 6. Let p(n) = n**3 + 5*n**2 - 5*n + 8. Let u be p(-6). Let w(a) = 7*a + a**3 - 5*a**u + 5*a - 4 - 5*a. Calculate w(g).
8
Let h = -5 - -3. Let j(c) = -3*c**2 - 4*c - 3 + 5*c**2 - c**2 - 4*c**2. Determine j(h).
-7
Let p(o) = -5*o - 4. Let w(c) = -4*c - 3. Let u(l) = 5*p(l) - 6*w(l). Suppose -2*r = -4*z + 8*z + 20, 0 = -4*r + 2*z. Calculate u(r).
0
Let z = -8 - -4. Let i(m) = -m**2 - 6*m - 6. Determine i(z).
2
Let m(z) = -4*z + 7*z + 5 - 8 - 2 + 4*z**2. Let u(k) = 3*k**2 + 2*k - 4. Let w(c) = 2*m(c) - 3*u(c). What is w(2)?
-2
Let o(u) = -2*u**3 + u**2 - 1. Let b be 66/14 - (-2)/7. Suppose -6 = 3*t + 4*v + 4, -2*t = -b*v - 24. Suppose j - 6*j + 3*x = 4, -t*x = 4*j - 10. What is o(j)?
-2
Suppose 5*r - 21 = 3*j - 5, -5*j + 10 = -r. Let p(g) = -2*g + 4. Calculate p(r).
-6
Let l(i) = -4*i**3 + 4*i - 5. Let b = 0 - 1. Let c(q) = -q**3 + q**2. Let n(f) = b*l(f) + 5*c(f). Calculate n(4).
5
Let b = -16 + 12. Let p(y) = -y**2 - 3*y + 2. What is p(b)?
-2
Let t be (1 + -3)*4/(-8). Let r(o) be the third derivative of 5/24*o**4 - o**2 + 0 + 0*o + 0*o**3. Calculate r(t).
5
Let r(f) = f**2 - 11*f + 5. Let o be r(10). Let a(b) = -b**2 - 3*b + 6. Calculate a(o).
-4
Suppose 4*g - 26 = -h, 2*g = -4*h - 0*h + 34. Let s(d) = d. Let a(o) = -7*o - 2. Let v(z) = a(z) + 6*s(z). Give v(h).
-8
Let k be 2 - 1/(3/18). Let t be ((-8)/(-